{"id":12204,"date":"2016-06-01T18:05:17","date_gmt":"2016-06-01T23:05:17","guid":{"rendered":"http:\/\/touridiomas.com\/site\/?page_id=12204"},"modified":"2016-06-02T16:26:35","modified_gmt":"2016-06-02T21:26:35","slug":"credito-del-icetex-idiomas","status":"publish","type":"page","link":"https:\/\/touridiomas.com\/site\/credito-del-icetex-idiomas\/","title":{"rendered":"Credito del Icetex para idiomas"},"content":{"rendered":"<div class=\"wpb-content-wrapper\">[vc_row][vc_column][vc_column_text]\n<h1 style=\"text-align: center;\"><span style=\"font-size: 36px;\">Dale un impulso a tu carrera<\/span><\/h1>\n<h2 style=\"text-align: center;\">El cr\u00e9dito <strong>ICETEX<\/strong> para el perfeccionamiento de idiomas en el exterior te financia hasta <strong>US $8,000<\/strong><\/h2>\n<ul>\n<li>En Tour Idiomas te ayudamos a lograr tu sue\u00f1o de estudiar en el exterior y tramitar el cr\u00e9dito<\/li>\n<li>Aplica para programas superiores a 3 meses<\/li>\n<li>Pago del 0% mientras estudias durante el primer a\u00f1o<\/li>\n<li>Plazo de hasta 5 a\u00f1os en cuotas mensuales<\/li>\n<li>Tasa de inter\u00e9s muy baja<\/li>\n<\/ul>\n<p>Para m\u00e1s informaci\u00f3n haz click <a href=\"http:\/\/www.icetex.gov.co\/dnnpro5\/es-co\/cr%C3%A9ditoeducativo\/idiomas,pasant%C3%ADas,investigaci%C3%B3n\/perfeccionamientoidiomas.aspx\" target=\"_blank\">aqu\u00ed<\/a><\/p>\n<h2 style=\"text-align: center;\"><span style=\"font-size: 32px;\">Es tiempo de llevar tu ingl\u00e9s a un nuevo nivel<\/span><\/h2>\n<p>De acuerdo a un estudio de la reclutadora <strong>Hayes Colombia<\/strong> (<a href=\"http:\/\/www.portafolio.co\/economia\/empleo\/ingles-aumenta-salario-probabilidades-496511\" target=\"_blank\">ver estudio<\/a>) dominar el ingl\u00e9s te permitir\u00e1:<\/p>\n<ul>\n<li>Aumentar el salario 30%<\/li>\n<li>Aumentar en un 50% las posibilidades de encontrar un mejor trabajo<\/li>\n<li>Destacarte en el mercado: s\u00f3lo uno de cada diez colombianos domina el idioma<\/li>\n<li>Para el 72,7% de las empresas es el requisito m\u00e1s importante a la hora de contratar nuevo personal<\/li>\n<\/ul>\n[\/vc_column_text][vc_single_image image=&#8221;12213&#8243; img_size=&#8221;medium&#8221; alignment=&#8221;center&#8221;][\/vc_column][\/vc_row][vc_row][vc_column][vc_column_text]\n<h1 style=\"text-align: center;\"><span style=\"font-size: 36px;\">En Tour Idiomas tenemos las mejores opciones:<br \/>\n<\/span><\/h1>\n<ul>\n<li><a href=\"http:\/\/touridiomas.com\/site\/cities\/\">Destinos<\/a> de clase Mundial<\/li>\n<li>Institutos de alta calidad, certificados en sus pa\u00edses<\/li>\n<li>Grandes descuentos de hasta <strong>40%<\/strong><\/li>\n<li>Asesor\u00eda profesional para: la elecci\u00f3n del destino y programa que mejor se adapte a tus necesidades; procesamiento de visa y cr\u00e9dito<\/li>\n<li>Selecci\u00f3n de alojamiento<\/li>\n<li>Pasajes a\u00e9reos<\/li>\n<\/ul>\n<h2 class=\"lplh-31\" style=\"text-align: center;\"><span style=\"color: #303030; font-family: open sans;\">Tenemos el curso ideal para ti<\/span><\/h2>\n<ul class=\"ap-list ap-list3\"><li>Ingl\u00e9s est\u00e1ndar<\/li>\n<li>Ingl\u00e9s semi intensivo<\/li>\n<li>Ingl\u00e9s intensivo<\/li>\n<li>Ingl\u00e9s de negocios<\/li>\n<li>Preparaci\u00f3n para ex\u00e1menes: TOEFL, IELTS, Cambridge<\/li><\/ul>\n<h2 style=\"text-align: center;\"><span style=\"font-size: 36px;\">\u00bfPensando en estudiar un postgrado en el exterior?<\/span><\/h2>\n<p><span class=\"notice-module_detail-content\">El ICETEX te financia hasta <strong>US$<\/strong> <strong>25,000 <\/strong>para programas de postgrado en el exterior. Dale un impulso definitivo a tu carrera con el programa que m\u00e1s se adapte a tu perfil profesional. En <strong>Tour Idiomas<\/strong> tenemos el programa que est\u00e1s buscando, en universidades reconocidas del Reino Unido, Estados Unidos, Australia, Nueva Zelanda, Alemania, Italia y Canad\u00e1. Y si no tienes el nivel adecuado del idioma, no te preocupes, tenemos los programas de nivelaci\u00f3n y preparaci\u00f3n que necesitas! Agenda una cita sin compromiso con nosotros.<br \/>\n<\/span><\/p>\n<h3 style=\"text-align: center;\">Revisa alguna de las opciones de postgrado que tenemos en Canad\u00e1:<\/h3>\n<p><a href=\"http:\/\/touridiomas.com\/site\/events\/postgrado-en-gestion-negocios-internacionales\/\">Postgrado en Gesti\u00f3n de Negocios Internacionales<\/a><\/p>\n<p><a href=\"http:\/\/touridiomas.com\/site\/events\/11642\/\">Postgrado en Gerencia de Proyectos<\/a><\/p>\n<p><a href=\"http:\/\/touridiomas.com\/site\/events\/postgrado-en-ingenieria-ambiental\/\">Postgrado en Ingenier\u00eda Ambiental<\/a>[\/vc_column_text][vc_single_image image=&#8221;10705&#8243; img_size=&#8221;medium&#8221; alignment=&#8221;center&#8221;][\/vc_column][\/vc_row][vc_row][vc_column][vc_cta h2=&#8221;Solicita ya mismo una asesor\u00eda personalizada&#8221; txt_align=&#8221;center&#8221; add_button=&#8221;bottom&#8221; btn_title=&#8221;Contacta a un asesor educativo&#8221; btn_color=&#8221;warning&#8221; btn_align=&#8221;center&#8221; btn_link=&#8221;url:http%3A%2F%2Ftouridiomas.com%2Fsite%2Fcontacto%2F||&#8221;]Agenda con nosotros una asesor\u00eda gratuita para que explores las diferentes opciones y destinos que ofrecemos. Te sorprender\u00e1 lo f\u00e1cil que es estudiar en el exterior con Tour Idiomas[\/vc_cta][\/vc_column][\/vc_row]\n<\/div>","protected":false},"excerpt":{"rendered":"<p>[vc_row][vc_column][vc_column_text] Dale un impulso a tu carrera El cr\u00e9dito ICETEX para el perfeccionamiento de idiomas en el exterior te financia hasta US $8,000 En Tour Idiomas te ayudamos a lograr tu sue\u00f1o de estudiar en el exterior y tramitar el cr\u00e9dito Aplica para programas superiores a 3 meses Pago del 0% mientras estudias durante el [&hellip;]<\/p>\n","protected":false},"author":2,"featured_media":12213,"parent":0,"menu_order":0,"comment_status":"closed","ping_status":"closed","template":"","meta":{"footnotes":""},"class_list":["post-12204","page","type-page","status-publish","has-post-thumbnail","hentry"],"yoast_head":"<!-- This site is optimized with the Yoast SEO Premium plugin v27.2 (Yoast SEO v27.2) - https:\/\/yoast.com\/product\/yoast-seo-premium-wordpress\/ -->\n<title>Credito del Icetex para idiomas - Tour Idiomas<\/title>\n<meta name=\"description\" content=\"El cr\u00e9dito ICETEX para el perfeccionamiento de idiomas te financia hasta US $8,000 en cursos superiores a 3 meses. En Tour Idiomas te ayudamos a tramitarlo\" \/>\n<meta name=\"robots\" content=\"index, follow, max-snippet:-1, max-image-preview:large, max-video-preview:-1\" \/>\n<link rel=\"canonical\" href=\"https:\/\/touridiomas.com\/site\/credito-del-icetex-idiomas\/\" \/>\n<meta property=\"og:locale\" content=\"es_MX\" \/>\n<meta property=\"og:type\" content=\"article\" \/>\n<meta property=\"og:title\" content=\"Credito del Icetex para idiomas\" \/>\n<meta property=\"og:description\" content=\"El cr\u00e9dito ICETEX para el perfeccionamiento de idiomas te financia hasta US $8,000 en cursos superiores a 3 meses. En Tour Idiomas te ayudamos a tramitarlo\" \/>\n<meta property=\"og:url\" content=\"https:\/\/touridiomas.com\/site\/credito-del-icetex-idiomas\/\" \/>\n<meta property=\"og:site_name\" content=\"Tour Idiomas\" \/>\n<meta property=\"article:publisher\" content=\"https:\/\/www.facebook.com\/TourIdiomas\" \/>\n<meta property=\"article:modified_time\" content=\"2016-06-02T21:26:35+00:00\" \/>\n<meta property=\"og:image\" content=\"https:\/\/touridiomas.com\/site\/wp-content\/uploads\/Aumenta-tu-nivel-de-ingles.jpg\" \/>\n\t<meta property=\"og:image:width\" content=\"750\" \/>\n\t<meta property=\"og:image:height\" content=\"417\" \/>\n\t<meta property=\"og:image:type\" content=\"image\/jpeg\" \/>\n<meta name=\"twitter:card\" content=\"summary_large_image\" \/>\n<meta name=\"twitter:site\" content=\"@TourIdiomas\" \/>\n<meta name=\"twitter:label1\" content=\"Tiempo de lectura\" \/>\n\t<meta name=\"twitter:data1\" content=\"3 minutos\" \/>\n<script type=\"application\/ld+json\" class=\"yoast-schema-graph\">{\"@context\":\"https:\/\/schema.org\",\"@graph\":[{\"@type\":\"WebPage\",\"@id\":\"https:\/\/touridiomas.com\/site\/credito-del-icetex-idiomas\/\",\"url\":\"https:\/\/touridiomas.com\/site\/credito-del-icetex-idiomas\/\",\"name\":\"Credito del Icetex para idiomas - Tour Idiomas\",\"isPartOf\":{\"@id\":\"https:\/\/touridiomas.com\/site\/#website\"},\"primaryImageOfPage\":{\"@id\":\"https:\/\/touridiomas.com\/site\/credito-del-icetex-idiomas\/#primaryimage\"},\"image\":{\"@id\":\"https:\/\/touridiomas.com\/site\/credito-del-icetex-idiomas\/#primaryimage\"},\"thumbnailUrl\":\"https:\/\/touridiomas.com\/site\/wp-content\/uploads\/Aumenta-tu-nivel-de-ingles.jpg\",\"datePublished\":\"2016-06-01T23:05:17+00:00\",\"dateModified\":\"2016-06-02T21:26:35+00:00\",\"description\":\"El cr\u00e9dito ICETEX para el perfeccionamiento de idiomas te financia hasta US $8,000 en cursos superiores a 3 meses. En Tour Idiomas te ayudamos a tramitarlo\",\"breadcrumb\":{\"@id\":\"https:\/\/touridiomas.com\/site\/credito-del-icetex-idiomas\/#breadcrumb\"},\"inLanguage\":\"es\",\"potentialAction\":[{\"@type\":\"ReadAction\",\"target\":[\"https:\/\/touridiomas.com\/site\/credito-del-icetex-idiomas\/\"]}]},{\"@type\":\"ImageObject\",\"inLanguage\":\"es\",\"@id\":\"https:\/\/touridiomas.com\/site\/credito-del-icetex-idiomas\/#primaryimage\",\"url\":\"https:\/\/touridiomas.com\/site\/wp-content\/uploads\/Aumenta-tu-nivel-de-ingles.jpg\",\"contentUrl\":\"https:\/\/touridiomas.com\/site\/wp-content\/uploads\/Aumenta-tu-nivel-de-ingles.jpg\",\"width\":750,\"height\":417},{\"@type\":\"BreadcrumbList\",\"@id\":\"https:\/\/touridiomas.com\/site\/credito-del-icetex-idiomas\/#breadcrumb\",\"itemListElement\":[{\"@type\":\"ListItem\",\"position\":1,\"name\":\"Home\",\"item\":\"https:\/\/touridiomas.com\/site\/\"},{\"@type\":\"ListItem\",\"position\":2,\"name\":\"Credito del Icetex para idiomas\"}]},{\"@type\":\"WebSite\",\"@id\":\"https:\/\/touridiomas.com\/site\/#website\",\"url\":\"https:\/\/touridiomas.com\/site\/\",\"name\":\"Tour Idiomas\",\"description\":\"Estudios en el Exterior\",\"publisher\":{\"@id\":\"https:\/\/touridiomas.com\/site\/#organization\"},\"potentialAction\":[{\"@type\":\"SearchAction\",\"target\":{\"@type\":\"EntryPoint\",\"urlTemplate\":\"https:\/\/touridiomas.com\/site\/?s={search_term_string}\"},\"query-input\":{\"@type\":\"PropertyValueSpecification\",\"valueRequired\":true,\"valueName\":\"search_term_string\"}}],\"inLanguage\":\"es\"},{\"@type\":\"Organization\",\"@id\":\"https:\/\/touridiomas.com\/site\/#organization\",\"name\":\"Tour Idiomas\",\"url\":\"https:\/\/touridiomas.com\/site\/\",\"logo\":{\"@type\":\"ImageObject\",\"inLanguage\":\"es\",\"@id\":\"https:\/\/touridiomas.com\/site\/#\/schema\/logo\/image\/\",\"url\":\"https:\/\/touridiomas.com\/site\/wp-content\/uploads\/logo-tour-idiomas.jpg\",\"contentUrl\":\"https:\/\/touridiomas.com\/site\/wp-content\/uploads\/logo-tour-idiomas.jpg\",\"width\":400,\"height\":80,\"caption\":\"Tour Idiomas\"},\"image\":{\"@id\":\"https:\/\/touridiomas.com\/site\/#\/schema\/logo\/image\/\"},\"sameAs\":[\"https:\/\/www.facebook.com\/TourIdiomas\",\"https:\/\/x.com\/TourIdiomas\",\"https:\/\/www.instagram.com\/touridiomas\/\",\"https:\/\/www.youtube.com\/user\/TourIdiomas\"]}]}<\/script>\n<!-- \/ Yoast SEO Premium plugin. -->","yoast_head_json":{"title":"Credito del Icetex para idiomas - Tour Idiomas","description":"El cr\u00e9dito ICETEX para el perfeccionamiento de idiomas te financia hasta US $8,000 en cursos superiores a 3 meses. En Tour Idiomas te ayudamos a tramitarlo","robots":{"index":"index","follow":"follow","max-snippet":"max-snippet:-1","max-image-preview":"max-image-preview:large","max-video-preview":"max-video-preview:-1"},"canonical":"https:\/\/touridiomas.com\/site\/credito-del-icetex-idiomas\/","og_locale":"es_MX","og_type":"article","og_title":"Credito del Icetex para idiomas","og_description":"El cr\u00e9dito ICETEX para el perfeccionamiento de idiomas te financia hasta US $8,000 en cursos superiores a 3 meses. En Tour Idiomas te ayudamos a tramitarlo","og_url":"https:\/\/touridiomas.com\/site\/credito-del-icetex-idiomas\/","og_site_name":"Tour Idiomas","article_publisher":"https:\/\/www.facebook.com\/TourIdiomas","article_modified_time":"2016-06-02T21:26:35+00:00","og_image":[{"width":750,"height":417,"url":"https:\/\/touridiomas.com\/site\/wp-content\/uploads\/Aumenta-tu-nivel-de-ingles.jpg","type":"image\/jpeg"}],"twitter_card":"summary_large_image","twitter_site":"@TourIdiomas","twitter_misc":{"Tiempo de lectura":"3 minutos"},"schema":{"@context":"https:\/\/schema.org","@graph":[{"@type":"WebPage","@id":"https:\/\/touridiomas.com\/site\/credito-del-icetex-idiomas\/","url":"https:\/\/touridiomas.com\/site\/credito-del-icetex-idiomas\/","name":"Credito del Icetex para idiomas - Tour Idiomas","isPartOf":{"@id":"https:\/\/touridiomas.com\/site\/#website"},"primaryImageOfPage":{"@id":"https:\/\/touridiomas.com\/site\/credito-del-icetex-idiomas\/#primaryimage"},"image":{"@id":"https:\/\/touridiomas.com\/site\/credito-del-icetex-idiomas\/#primaryimage"},"thumbnailUrl":"https:\/\/touridiomas.com\/site\/wp-content\/uploads\/Aumenta-tu-nivel-de-ingles.jpg","datePublished":"2016-06-01T23:05:17+00:00","dateModified":"2016-06-02T21:26:35+00:00","description":"El cr\u00e9dito ICETEX para el perfeccionamiento de idiomas te financia hasta US $8,000 en cursos superiores a 3 meses. En Tour Idiomas te ayudamos a tramitarlo","breadcrumb":{"@id":"https:\/\/touridiomas.com\/site\/credito-del-icetex-idiomas\/#breadcrumb"},"inLanguage":"es","potentialAction":[{"@type":"ReadAction","target":["https:\/\/touridiomas.com\/site\/credito-del-icetex-idiomas\/"]}]},{"@type":"ImageObject","inLanguage":"es","@id":"https:\/\/touridiomas.com\/site\/credito-del-icetex-idiomas\/#primaryimage","url":"https:\/\/touridiomas.com\/site\/wp-content\/uploads\/Aumenta-tu-nivel-de-ingles.jpg","contentUrl":"https:\/\/touridiomas.com\/site\/wp-content\/uploads\/Aumenta-tu-nivel-de-ingles.jpg","width":750,"height":417},{"@type":"BreadcrumbList","@id":"https:\/\/touridiomas.com\/site\/credito-del-icetex-idiomas\/#breadcrumb","itemListElement":[{"@type":"ListItem","position":1,"name":"Home","item":"https:\/\/touridiomas.com\/site\/"},{"@type":"ListItem","position":2,"name":"Credito del Icetex para idiomas"}]},{"@type":"WebSite","@id":"https:\/\/touridiomas.com\/site\/#website","url":"https:\/\/touridiomas.com\/site\/","name":"Tour Idiomas","description":"Estudios en el Exterior","publisher":{"@id":"https:\/\/touridiomas.com\/site\/#organization"},"potentialAction":[{"@type":"SearchAction","target":{"@type":"EntryPoint","urlTemplate":"https:\/\/touridiomas.com\/site\/?s={search_term_string}"},"query-input":{"@type":"PropertyValueSpecification","valueRequired":true,"valueName":"search_term_string"}}],"inLanguage":"es"},{"@type":"Organization","@id":"https:\/\/touridiomas.com\/site\/#organization","name":"Tour Idiomas","url":"https:\/\/touridiomas.com\/site\/","logo":{"@type":"ImageObject","inLanguage":"es","@id":"https:\/\/touridiomas.com\/site\/#\/schema\/logo\/image\/","url":"https:\/\/touridiomas.com\/site\/wp-content\/uploads\/logo-tour-idiomas.jpg","contentUrl":"https:\/\/touridiomas.com\/site\/wp-content\/uploads\/logo-tour-idiomas.jpg","width":400,"height":80,"caption":"Tour Idiomas"},"image":{"@id":"https:\/\/touridiomas.com\/site\/#\/schema\/logo\/image\/"},"sameAs":["https:\/\/www.facebook.com\/TourIdiomas","https:\/\/x.com\/TourIdiomas","https:\/\/www.instagram.com\/touridiomas\/","https:\/\/www.youtube.com\/user\/TourIdiomas"]}]}},"_links":{"self":[{"href":"https:\/\/touridiomas.com\/site\/wp-json\/wp\/v2\/pages\/12204","targetHints":{"allow":["GET"]}}],"collection":[{"href":"https:\/\/touridiomas.com\/site\/wp-json\/wp\/v2\/pages"}],"about":[{"href":"https:\/\/touridiomas.com\/site\/wp-json\/wp\/v2\/types\/page"}],"author":[{"embeddable":true,"href":"https:\/\/touridiomas.com\/site\/wp-json\/wp\/v2\/users\/2"}],"replies":[{"embeddable":true,"href":"https:\/\/touridiomas.com\/site\/wp-json\/wp\/v2\/comments?post=12204"}],"version-history":[{"count":0,"href":"https:\/\/touridiomas.com\/site\/wp-json\/wp\/v2\/pages\/12204\/revisions"}],"wp:featuredmedia":[{"embeddable":true,"href":"https:\/\/touridiomas.com\/site\/wp-json\/wp\/v2\/media\/12213"}],"wp:attachment":[{"href":"https:\/\/touridiomas.com\/site\/wp-json\/wp\/v2\/media?parent=12204"}],"curies":[{"name":"wp","href":"https:\/\/api.w.org\/{rel}","templated":true}]}}