{"id":8862,"date":"2015-05-21T22:05:14","date_gmt":"2015-05-21T22:05:14","guid":{"rendered":"http:\/\/touridiomas.com\/site\/?page_id=8862"},"modified":"2021-09-24T14:58:39","modified_gmt":"2021-09-24T19:58:39","slug":"destinos","status":"publish","type":"page","link":"https:\/\/touridiomas.com\/site\/destinos\/","title":{"rendered":"Destinos"},"content":{"rendered":"<div class=\"wpb-content-wrapper\">[vc_row][vc_column][vc_column_text]<strong>Destinos<\/strong>, ver en una Hoja de Vida que has hecho estudios en el extranjero es un gran diferenciador, puesto que indica que tienes iniciativa y af\u00e1n de auto superaci\u00f3n, que no te da miedo asumir riesgos, que tienes confianza en tu capacidad para ofrecer ideas y solucionar problemas y \u00e9stos son valores muy reconocidos en el mundo laboral.<\/p>\n<p>En Tour Idiomas podemos ayudarte a lograr tu sue\u00f1o de estudiar en el exterior, brind\u00e1ndote toda la asesor\u00eda profesional para que todo el proceso sea exitoso: desde la selecci\u00f3n del programa y el destino, la selecci\u00f3n de la instituci\u00f3n con la mejor relaci\u00f3n precio\/valor, y hasta cumplir los requisitos de admisi\u00f3n y de visado.<\/p>\n<h2 style=\"text-align: center;\">Conoce m\u00e1s de todos nuestros destinos<\/h2>\n[\/vc_column_text][\/vc_column][\/vc_row][vc_row][vc_column][vc_tta_accordion style=&#8221;modern&#8221; color=&#8221;violet&#8221; active_section=&#8221;15&#8243; no_fill=&#8221;true&#8221; collapsible_all=&#8221;true&#8221; title=&#8221;Destinos&#8221; css=&#8221;.vc_custom_1552847051120{background-color: #ffffff !important;}&#8221;][vc_tta_section title=&#8221;Alemania&#8221; tab_id=&#8221;1549397075089-6eef7208-1a5b&#8221;][vc_single_image image=&#8221;21769&#8243;][vc_column_text]<a href=\"http:\/\/touridiomas.com\/site\/alemania\/\">Alemania<\/a>: El pa\u00eds m\u00e1s grande y m\u00e1s poblado de la Uni\u00f3n Europea cuenta con la econom\u00eda m\u00e1s importante y din\u00e1mica de Europa. Estudia en los mejores destinos:<\/p>\n<ul>\n<li><a href=\"http:\/\/touridiomas.com\/site\/berlin\/\">Berl\u00edn<\/a><\/li>\n<li><a href=\"http:\/\/touridiomas.com\/site\/hamburgo\/\">Hamburgo<\/a><\/li>\n<li><a href=\"http:\/\/touridiomas.com\/site\/francfort\/\">Fr\u00e1ncfort<\/a><\/li>\n<li><a href=\"http:\/\/touridiomas.com\/site\/munich\/\">Munich<\/a><\/li>\n<li><a href=\"http:\/\/touridiomas.com\/site\/munster\/\">M\u00fcnster<\/a><\/li>\n<li><a href=\"http:\/\/touridiomas.com\/site\/friburgo\/\">Friburgo<\/a><\/li>\n<\/ul>\n[\/vc_column_text][\/vc_tta_section][vc_tta_section title=&#8221;Australia&#8221; tab_id=&#8221;1549387920327-7720025e-78f4&#8243;][vc_single_image image=&#8221;21768&#8243;][vc_column_text]<a href=\"http:\/\/touridiomas.com\/site\/estudiar-en-australia\/\">Australia<\/a> te permitir\u00e1 llevar a nuevos niveles todo tu potencial. Ya sea que est\u00e9s buscando un programa de ingl\u00e9s u obtener un t\u00edtulo acad\u00e9mico de pregrado o postgrado con reconocimiento mundial, aqu\u00ed encontrar\u00e1s lo necesario para impulsar tu carrera profesional. Tenemos los mejores destinos:<\/p>\n<ul>\n<li><a href=\"http:\/\/touridiomas.com\/site\/estudia-en-brisbane\/\">Brisbane<\/a><\/li>\n<li><a href=\"http:\/\/touridiomas.com\/site\/estudia-en-melbourne\/\">Melbourne<\/a><\/li>\n<li><a href=\"http:\/\/touridiomas.com\/site\/estudia-en-sidney\/\">Sidney<\/a><\/li>\n<li><a href=\"http:\/\/touridiomas.com\/site\/estudia-en-gold-coast\/\">Gold Coast<\/a><\/li>\n<li><a href=\"http:\/\/touridiomas.com\/site\/estudia-en-perth\/\">Perth<\/a><\/li>\n<\/ul>\n[\/vc_column_text][\/vc_tta_section][vc_tta_section title=&#8221;Brasil&#8221; tab_id=&#8221;1549397395832-e1c25b2c-81a4&#8243;][vc_single_image image=&#8221;21767&#8243;][vc_column_text]Estudia en los mejores destinos de <a href=\"http:\/\/touridiomas.com\/site\/aprende-portugues-en-brasil\/\">Brasil<\/a>. El portugu\u00e9s es el 5to idioma m\u00e1s hablado del mundo. En los \u00faltimos a\u00f1os este pa\u00eds se ha colocado entre las econom\u00edas m\u00e1s potentes del mundo y se ha convertido en un atractivo destino para los estudiantes internacionales.<\/p>\n<ul>\n<li><a href=\"http:\/\/touridiomas.com\/site\/sao-paulo\/\">Sao Paulo<\/a><\/li>\n<li><a href=\"http:\/\/touridiomas.com\/site\/maceio\/\">Maceio<\/a><\/li>\n<li><a href=\"http:\/\/touridiomas.com\/site\/rio-de-janerio\/\">Rio de Janeiro<\/a><\/li>\n<\/ul>\n[\/vc_column_text][\/vc_tta_section][vc_tta_section title=&#8221;Canad\u00e1&#8221; tab_id=&#8221;1549382316652-b35238ac-e93e&#8221;][vc_single_image image=&#8221;8993&#8243;][vc_column_text css=&#8221;.vc_custom_1549398441807{background-color: #ffffff !important;}&#8221;]\u00a1Educaci\u00f3n de calidad a precios razonables! <a href=\"http:\/\/touridiomas.com\/site\/estudia-en-canada\/\">Canad\u00e1<\/a> te permitir\u00e1 llevar a nuevos niveles todo tu potencial. Ya sea que est\u00e9s buscando un programa de ingl\u00e9s u obtener un t\u00edtulo acad\u00e9mico de pregrado o postgrado con reconocimiento mundial, aqu\u00ed encontrar\u00e1s lo necesario para impulsar tu carrera profesional.<\/p>\n<ul>\n<li><a href=\"http:\/\/touridiomas.com\/site\/estudia-en-montreal\/\">Montreal<\/a><\/li>\n<li><a href=\"http:\/\/touridiomas.com\/site\/estudia-en-toronto\/\">Toronto<\/a><\/li>\n<li><a href=\"http:\/\/touridiomas.com\/site\/estudia-en-vancouver\/\">Vancouver<\/a><\/li>\n<li><a href=\"http:\/\/touridiomas.com\/site\/estudia-en-calgary\/\">Calgary<\/a><\/li>\n<li><a href=\"http:\/\/touridiomas.com\/site\/victoria\/\">Victoria<\/a><\/li>\n<li><a href=\"http:\/\/touridiomas.com\/site\/ottawa\/\">Ottawa<\/a><\/li>\n<li><a href=\"http:\/\/touridiomas.com\/site\/halifax\/\">Halifax<\/a><\/li>\n<\/ul>\n<p><a href=\"http:\/\/touridiomas.com\/site\/universidades-en-canada\/\">Universidades y Colleges en Canad\u00e1<\/a>[\/vc_column_text][\/vc_tta_section][vc_tta_section title=&#8221;Estados Unidos&#8221; tab_id=&#8221;1549382756724-4a5d2f21-a7e7&#8243;][vc_single_image image=&#8221;21766&#8243;][vc_column_text css=&#8221;.vc_custom_1549398503004{background-color: #e6e6e6 !important;}&#8221;]<a href=\"http:\/\/touridiomas.com\/site\/estudia-en-estados-unidos\/\">Estados Unidos<\/a> te permitir\u00e1 llevar a nuevos niveles todo tu potencial. Ya sea que est\u00e9s buscando un programa de ingl\u00e9s u obtener un t\u00edtulo acad\u00e9mico de pregrado o postgrado con reconocimiento mundial, aqu\u00ed encontrar\u00e1s lo necesario para impulsar tu carrera profesional.<\/p>\n<ul>\n<li><a href=\"http:\/\/touridiomas.com\/site\/estudia-en-boston\/\">Boston<\/a><\/li>\n<li><a href=\"http:\/\/touridiomas.com\/site\/estudia-en-los-angeles\/\">Los Angeles<\/a><\/li>\n<li><a href=\"http:\/\/touridiomas.com\/site\/estudia-en-nueva-york\/\">Nueva York<\/a><\/li>\n<li><a href=\"http:\/\/touridiomas.com\/site\/estudia-en-san-francisco\/\">San Francisco<\/a><\/li>\n<li><a href=\"http:\/\/touridiomas.com\/site\/estudia-en-san-diego\/\">San Diego<\/a><\/li>\n<li><a href=\"http:\/\/touridiomas.com\/site\/estudia-en-chicago\/\">Chicago<\/a><\/li>\n<li><a href=\"http:\/\/touridiomas.com\/site\/estudia-en-atlanta\/\">Atlanta<\/a><\/li>\n<li><a href=\"http:\/\/touridiomas.com\/site\/estudia-en-miami\/\">Miami<\/a><\/li>\n<li><a href=\"http:\/\/touridiomas.com\/site\/houston\/\">Houston<\/a><\/li>\n<li><a href=\"http:\/\/touridiomas.com\/site\/estudia-en-honolulu-hawai\/\">Hawaii<\/a><\/li>\n<li><a href=\"http:\/\/touridiomas.com\/site\/filadelfia\/\">Filadelf\u00eda<\/a><\/li>\n<li><a href=\"http:\/\/touridiomas.com\/site\/las-vegas\/\">Las Vegas<\/a><\/li>\n<li><a href=\"http:\/\/touridiomas.com\/site\/estudia-ingles-en-denver\/\">Denver<\/a><\/li>\n<\/ul>\n[\/vc_column_text][\/vc_tta_section][vc_tta_section title=&#8221;Francia&#8221; tab_id=&#8221;1549396773858-02925b42-463b&#8221;][vc_single_image image=&#8221;21775&#8243;][vc_column_text]<a href=\"http:\/\/touridiomas.com\/site\/francia-2\/\">Francia<\/a> tiene uno de los sistemas educativos m\u00e1s prestigiosos del mundo. Si eres una persona que busca estudios de grado, postgrado o algo m\u00e1s, podr\u00e1s encontrar una educaci\u00f3n incre\u00edble f\u00e1cilmente en el pa\u00eds<\/p>\n<ul>\n<li><a href=\"http:\/\/touridiomas.com\/site\/estudia-en-paris\/\">Par\u00eds<\/a><\/li>\n<li><a href=\"http:\/\/touridiomas.com\/site\/estudiar-en-niza\/\">Niza<\/a><\/li>\n<li><a href=\"http:\/\/touridiomas.com\/site\/estudia-en-montpellier\/\">Montpellier<\/a><\/li>\n<li><a href=\"http:\/\/touridiomas.com\/site\/burdeos\/\">Burdeos<\/a><\/li>\n<li><a href=\"http:\/\/touridiomas.com\/site\/rouen\/\">Ru\u00e1n<\/a><\/li>\n<li><a href=\"http:\/\/touridiomas.com\/site\/biarritz\/\">Biarritz<\/a><\/li>\n<li><a href=\"http:\/\/touridiomas.com\/site\/estudia-en-lyon-bleu\/\">Lyon<\/a><\/li>\n<\/ul>\n[\/vc_column_text][\/vc_tta_section][vc_tta_section title=&#8221;Irlanda&#8221; tab_id=&#8221;1549396610932-bbb055f8-9c57&#8243;][vc_single_image image=&#8221;21774&#8243;][vc_column_text]<a href=\"http:\/\/touridiomas.com\/site\/estudia-en-irlanda\/\">Estudia en Irlanda:<\/a> un pa\u00eds espectacularmente verde que ofrece todas las caracter\u00edsticas para garantizar una experiencia inolvidable. Es actualmente el pa\u00eds m\u00e1s joven de Europa, con un tercio de poblaci\u00f3n menor de 25 a\u00f1os, ideal para conocer otros j\u00f3venes.<\/p>\n<ul>\n<li><a href=\"http:\/\/touridiomas.com\/site\/dublin\/\">Dubl\u00edn<\/a><\/li>\n<li><a href=\"http:\/\/touridiomas.com\/site\/cork\/\">Cork<\/a><\/li>\n<li><a href=\"http:\/\/touridiomas.com\/site\/galway\/\">Galway<\/a><\/li>\n<\/ul>\n<p><a href=\"http:\/\/touridiomas.com\/site\/trabajo-y-estudio-irlanda\/\">Estudia y Trabaja<\/a> en este hermoso destino[\/vc_column_text][\/vc_tta_section][vc_tta_section title=&#8221;Italia&#8221; tab_id=&#8221;1549397269408-0fac856e-bd73&#8243;][vc_single_image image=&#8221;21773&#8243;][vc_column_text]<a href=\"http:\/\/touridiomas.com\/site\/italia\/\">Italia<\/a> es la cuna del arte donde nacieron, estudiaron y habitaron los m\u00e1s grandes maestros del arte barroco, renacentista y de muchas otras corrientes. Est\u00e1 definida por maravillosos paisajes y atractivos tur\u00edsticos, es un pa\u00eds donde puedes encontrar playa, pueblo, ciudad, mar, todo en un mismo lugar.<\/p>\n<ul>\n<li><a href=\"http:\/\/touridiomas.com\/site\/roma\/\">Roma<\/a><\/li>\n<li><a href=\"http:\/\/touridiomas.com\/site\/milan\/\">Mil\u00e1n<\/a><\/li>\n<li><a href=\"http:\/\/touridiomas.com\/site\/florencia\/\">Florencia<\/a><\/li>\n<\/ul>\n[\/vc_column_text][\/vc_tta_section][vc_tta_section title=&#8221;Malta&#8221; tab_id=&#8221;1549397535103-97f84de6-8daf&#8221;][vc_single_image image=&#8221;21772&#8243;][vc_column_text]Mediterr\u00e1neo, sol y playas, as\u00ed es la bella isla de <a href=\"http:\/\/touridiomas.com\/site\/estudia-ingles-en-malta\/\">Malta<\/a>. Un lugar ideal para aprender ingl\u00e9s si te gusta el buen clima, la nataci\u00f3n y conocer gente nueva. Malta tiene una maravillosa y rica.<\/p>\n<ul>\n<li><a href=\"http:\/\/touridiomas.com\/site\/st-julians\/\">St. Julians<\/a><\/li>\n<\/ul>\n[\/vc_column_text][\/vc_tta_section][vc_tta_section title=&#8221;Nueva Zelanda&#8221; tab_id=&#8221;1549388092405-9b55a7ba-2402&#8243;][vc_single_image image=&#8221;21771&#8243;][vc_column_text]<a href=\"http:\/\/touridiomas.com\/site\/estudia-en-nueva-zelanda\/\">Nueva Zelanda<\/a> es considerado el pa\u00eds m\u00e1s seguro del mundo. Ubicada en Ocean\u00eda en el suroeste del oc\u00e9ano Pac\u00edfico, est\u00e1 formado por dos grandes islas: la Isla Norte y la Isla Sur, junto a otras much\u00edsimas islas menores.<\/p>\n<ul>\n<li><a href=\"http:\/\/touridiomas.com\/site\/estudia-en-auckland\/\">Auckland<\/a><\/li>\n<li><a href=\"http:\/\/touridiomas.com\/site\/estudia-en-wellington\/\">Wellington<\/a><\/li>\n<li><a href=\"http:\/\/touridiomas.com\/site\/estudia-en-christchurch\/\">Christchurch<\/a><\/li>\n<\/ul>\n[\/vc_column_text][\/vc_tta_section][vc_tta_section title=&#8221;Reino Unido&#8221; tab_id=&#8221;1549382316705-269e9d8a-3d9b&#8221;][vc_single_image image=&#8221;8995&#8243;][vc_column_text]Estudiar en el <a href=\"http:\/\/touridiomas.com\/site\/estudia-en-reino-unido\/\">Reino Unido<\/a> es e<em>ducaci\u00f3n con reconocimiento mundial. <\/em>Descubre sus mejores destinos:<\/p>\n<ul>\n<li><a href=\"http:\/\/touridiomas.com\/site\/estudia-en-londres\/\">Londres<\/a><\/li>\n<li><a href=\"http:\/\/touridiomas.com\/site\/estudia-en-cambridge\/\">Cambridge<\/a><\/li>\n<li><a href=\"http:\/\/touridiomas.com\/site\/estudia-en-oxford\/\">Oxford<\/a><\/li>\n<li><a href=\"http:\/\/touridiomas.com\/site\/estudia-en-brighton\/\">Brighton<\/a><\/li>\n<li><a href=\"http:\/\/touridiomas.com\/site\/estudia-en-bristol\/\">Bristol<\/a><\/li>\n<li><a href=\"http:\/\/touridiomas.com\/site\/estudia-en-manchester\/\">Manchester<\/a><\/li>\n<li>Liverpool<\/li>\n<li><a href=\"http:\/\/touridiomas.com\/site\/portsmouth\/\">Porstmouth<\/a><\/li>\n<li><a href=\"http:\/\/touridiomas.com\/site\/bournemouth\/\">Bournemouth<\/a><\/li>\n<\/ul>\n[\/vc_column_text][\/vc_tta_section][vc_tta_section title=&#8221;Sud\u00e1frica&#8221; tab_id=&#8221;1549397611131-3af303df-5489&#8243;][vc_single_image image=&#8221;21770&#8243;][vc_column_text]<a href=\"http:\/\/touridiomas.com\/site\/sudafrica\/\">Sud\u00e1frica<\/a> es una mezcla de ex\u00f3ticas bellezas naturales junto a una flora y fauna inusuales. \u00daltimamente se est\u00e1 convirtiendo en uno de los destinos vacacionales m\u00e1s cotizados del mundo.<\/p>\n<ul>\n<li><a href=\"http:\/\/touridiomas.com\/site\/ciudad-del-cabo\/\">Ciudad del Cabo<\/a><\/li>\n<\/ul>\n[\/vc_column_text][\/vc_tta_section][\/vc_tta_accordion][\/vc_column][\/vc_row][vc_row][vc_column][vc_column_text]\n<figure id=\"attachment_8867\" aria-describedby=\"caption-attachment-8867\" style=\"width: 765px\" class=\"wp-caption alignnone\"><a href=\"http:\/\/touridiomas.com\/site\/wp-content\/uploads\/2015\/05\/Contactanos.jpg\"><img fetchpriority=\"high\" decoding=\"async\" class=\"wp-image-8867\" src=\"http:\/\/touridiomas.com\/site\/wp-content\/uploads\/2015\/05\/Contactanos-1024x427.jpg\" alt=\"Cont\u00e1ctanos y conoce nuestros destinos\" width=\"765\" height=\"319\" srcset=\"https:\/\/touridiomas.com\/site\/wp-content\/uploads\/2015\/05\/Contactanos-1024x427.jpg 1024w, https:\/\/touridiomas.com\/site\/wp-content\/uploads\/2015\/05\/Contactanos-300x125.jpg 300w, https:\/\/touridiomas.com\/site\/wp-content\/uploads\/2015\/05\/Contactanos-480x200.jpg 480w, https:\/\/touridiomas.com\/site\/wp-content\/uploads\/2015\/05\/Contactanos-82x34.jpg 82w, https:\/\/touridiomas.com\/site\/wp-content\/uploads\/2015\/05\/Contactanos-100x42.jpg 100w, https:\/\/touridiomas.com\/site\/wp-content\/uploads\/2015\/05\/Contactanos-156x65.jpg 156w, https:\/\/touridiomas.com\/site\/wp-content\/uploads\/2015\/05\/Contactanos.jpg 1200w\" sizes=\"(max-width: 765px) 100vw, 765px\" \/><\/a><figcaption id=\"caption-attachment-8867\" class=\"wp-caption-text\">Cont\u00e1ctanos y conoce nuestros destinos<\/figcaption><\/figure>\n[\/vc_column_text][\/vc_column][\/vc_row][vc_row][vc_column][vc_cta_button call_text=&#8221;Solicita m\u00e1s informaci\u00f3n&#8221; title=&#8221;Contacto&#8221; color=&#8221;btn-warning&#8221; icon=&#8221;wpb_mail&#8221; size=&#8221;btn-large&#8221; href=&#8221;https:\/\/touridiomas.com\/site\/contacto\/&#8221;][\/vc_column][\/vc_row]\n<\/div>","protected":false},"excerpt":{"rendered":"<p>[vc_row][vc_column][vc_column_text]Destinos, ver en una Hoja de Vida que has hecho estudios en el extranjero es un gran diferenciador, puesto que indica que tienes iniciativa y af\u00e1n de auto superaci\u00f3n, que no te da miedo asumir riesgos, que tienes confianza en tu capacidad para ofrecer ideas y solucionar problemas y \u00e9stos son valores muy reconocidos en [&hellip;]<\/p>\n","protected":false},"author":2,"featured_media":8863,"parent":0,"menu_order":0,"comment_status":"closed","ping_status":"closed","template":"","meta":{"footnotes":""},"class_list":["post-8862","page","type-page","status-publish","has-post-thumbnail","hentry"],"yoast_head":"<!-- This site is optimized with the Yoast SEO Premium plugin v27.2 (Yoast SEO v27.2) - https:\/\/yoast.com\/product\/yoast-seo-premium-wordpress\/ -->\n<title>Destinos - para estudios en el exterior con Tour Idiomas<\/title>\n<meta name=\"description\" content=\"Descubre los mejores destinos te te podemos ofrecer para estudiar en el exterior y para intercambios de idiomas con Tour Idiomas\" \/>\n<meta name=\"robots\" content=\"index, follow, max-snippet:-1, max-image-preview:large, max-video-preview:-1\" \/>\n<link rel=\"canonical\" href=\"https:\/\/touridiomas.com\/site\/destinos\/\" \/>\n<meta property=\"og:locale\" content=\"es_MX\" \/>\n<meta property=\"og:type\" content=\"article\" \/>\n<meta property=\"og:title\" content=\"Destinos\" \/>\n<meta property=\"og:description\" content=\"Descubre los mejores destinos te te podemos ofrecer para estudiar en el exterior y para intercambios de idiomas con Tour Idiomas\" \/>\n<meta property=\"og:url\" content=\"https:\/\/touridiomas.com\/site\/destinos\/\" \/>\n<meta property=\"og:site_name\" content=\"Tour Idiomas\" \/>\n<meta property=\"article:publisher\" content=\"https:\/\/www.facebook.com\/TourIdiomas\" \/>\n<meta property=\"article:modified_time\" content=\"2021-09-24T19:58:39+00:00\" \/>\n<meta property=\"og:image\" content=\"https:\/\/touridiomas.com\/site\/wp-content\/uploads\/2015\/05\/idiomas3.jpg\" \/>\n\t<meta property=\"og:image:width\" content=\"765\" \/>\n\t<meta property=\"og:image:height\" content=\"574\" \/>\n\t<meta property=\"og:image:type\" content=\"image\/jpeg\" \/>\n<meta name=\"twitter:card\" content=\"summary_large_image\" \/>\n<meta name=\"twitter:site\" content=\"@TourIdiomas\" \/>\n<meta name=\"twitter:label1\" content=\"Tiempo de lectura\" \/>\n\t<meta name=\"twitter:data1\" content=\"4 minutos\" \/>\n<script type=\"application\/ld+json\" class=\"yoast-schema-graph\">{\"@context\":\"https:\/\/schema.org\",\"@graph\":[{\"@type\":\"WebPage\",\"@id\":\"https:\/\/touridiomas.com\/site\/destinos\/\",\"url\":\"https:\/\/touridiomas.com\/site\/destinos\/\",\"name\":\"Destinos - para estudios en el exterior con Tour Idiomas\",\"isPartOf\":{\"@id\":\"https:\/\/touridiomas.com\/site\/#website\"},\"primaryImageOfPage\":{\"@id\":\"https:\/\/touridiomas.com\/site\/destinos\/#primaryimage\"},\"image\":{\"@id\":\"https:\/\/touridiomas.com\/site\/destinos\/#primaryimage\"},\"thumbnailUrl\":\"https:\/\/touridiomas.com\/site\/wp-content\/uploads\/2015\/05\/idiomas3.jpg\",\"datePublished\":\"2015-05-21T22:05:14+00:00\",\"dateModified\":\"2021-09-24T19:58:39+00:00\",\"description\":\"Descubre los mejores destinos te te podemos ofrecer para estudiar en el exterior y para intercambios de idiomas con Tour Idiomas\",\"breadcrumb\":{\"@id\":\"https:\/\/touridiomas.com\/site\/destinos\/#breadcrumb\"},\"inLanguage\":\"es\",\"potentialAction\":[{\"@type\":\"ReadAction\",\"target\":[\"https:\/\/touridiomas.com\/site\/destinos\/\"]}]},{\"@type\":\"ImageObject\",\"inLanguage\":\"es\",\"@id\":\"https:\/\/touridiomas.com\/site\/destinos\/#primaryimage\",\"url\":\"https:\/\/touridiomas.com\/site\/wp-content\/uploads\/2015\/05\/idiomas3.jpg\",\"contentUrl\":\"https:\/\/touridiomas.com\/site\/wp-content\/uploads\/2015\/05\/idiomas3.jpg\",\"width\":765,\"height\":574,\"caption\":\"Destinos con Tour Idiomas\"},{\"@type\":\"BreadcrumbList\",\"@id\":\"https:\/\/touridiomas.com\/site\/destinos\/#breadcrumb\",\"itemListElement\":[{\"@type\":\"ListItem\",\"position\":1,\"name\":\"Home\",\"item\":\"https:\/\/touridiomas.com\/site\/\"},{\"@type\":\"ListItem\",\"position\":2,\"name\":\"Destinos\"}]},{\"@type\":\"WebSite\",\"@id\":\"https:\/\/touridiomas.com\/site\/#website\",\"url\":\"https:\/\/touridiomas.com\/site\/\",\"name\":\"Tour Idiomas\",\"description\":\"Estudios en el Exterior\",\"publisher\":{\"@id\":\"https:\/\/touridiomas.com\/site\/#organization\"},\"potentialAction\":[{\"@type\":\"SearchAction\",\"target\":{\"@type\":\"EntryPoint\",\"urlTemplate\":\"https:\/\/touridiomas.com\/site\/?s={search_term_string}\"},\"query-input\":{\"@type\":\"PropertyValueSpecification\",\"valueRequired\":true,\"valueName\":\"search_term_string\"}}],\"inLanguage\":\"es\"},{\"@type\":\"Organization\",\"@id\":\"https:\/\/touridiomas.com\/site\/#organization\",\"name\":\"Tour Idiomas\",\"url\":\"https:\/\/touridiomas.com\/site\/\",\"logo\":{\"@type\":\"ImageObject\",\"inLanguage\":\"es\",\"@id\":\"https:\/\/touridiomas.com\/site\/#\/schema\/logo\/image\/\",\"url\":\"https:\/\/touridiomas.com\/site\/wp-content\/uploads\/logo-tour-idiomas.jpg\",\"contentUrl\":\"https:\/\/touridiomas.com\/site\/wp-content\/uploads\/logo-tour-idiomas.jpg\",\"width\":400,\"height\":80,\"caption\":\"Tour Idiomas\"},\"image\":{\"@id\":\"https:\/\/touridiomas.com\/site\/#\/schema\/logo\/image\/\"},\"sameAs\":[\"https:\/\/www.facebook.com\/TourIdiomas\",\"https:\/\/x.com\/TourIdiomas\",\"https:\/\/www.instagram.com\/touridiomas\/\",\"https:\/\/www.youtube.com\/user\/TourIdiomas\"]}]}<\/script>\n<!-- \/ Yoast SEO Premium plugin. -->","yoast_head_json":{"title":"Destinos - para estudios en el exterior con Tour Idiomas","description":"Descubre los mejores destinos te te podemos ofrecer para estudiar en el exterior y para intercambios de idiomas con Tour Idiomas","robots":{"index":"index","follow":"follow","max-snippet":"max-snippet:-1","max-image-preview":"max-image-preview:large","max-video-preview":"max-video-preview:-1"},"canonical":"https:\/\/touridiomas.com\/site\/destinos\/","og_locale":"es_MX","og_type":"article","og_title":"Destinos","og_description":"Descubre los mejores destinos te te podemos ofrecer para estudiar en el exterior y para intercambios de idiomas con Tour Idiomas","og_url":"https:\/\/touridiomas.com\/site\/destinos\/","og_site_name":"Tour Idiomas","article_publisher":"https:\/\/www.facebook.com\/TourIdiomas","article_modified_time":"2021-09-24T19:58:39+00:00","og_image":[{"width":765,"height":574,"url":"https:\/\/touridiomas.com\/site\/wp-content\/uploads\/2015\/05\/idiomas3.jpg","type":"image\/jpeg"}],"twitter_card":"summary_large_image","twitter_site":"@TourIdiomas","twitter_misc":{"Tiempo de lectura":"4 minutos"},"schema":{"@context":"https:\/\/schema.org","@graph":[{"@type":"WebPage","@id":"https:\/\/touridiomas.com\/site\/destinos\/","url":"https:\/\/touridiomas.com\/site\/destinos\/","name":"Destinos - para estudios en el exterior con Tour Idiomas","isPartOf":{"@id":"https:\/\/touridiomas.com\/site\/#website"},"primaryImageOfPage":{"@id":"https:\/\/touridiomas.com\/site\/destinos\/#primaryimage"},"image":{"@id":"https:\/\/touridiomas.com\/site\/destinos\/#primaryimage"},"thumbnailUrl":"https:\/\/touridiomas.com\/site\/wp-content\/uploads\/2015\/05\/idiomas3.jpg","datePublished":"2015-05-21T22:05:14+00:00","dateModified":"2021-09-24T19:58:39+00:00","description":"Descubre los mejores destinos te te podemos ofrecer para estudiar en el exterior y para intercambios de idiomas con Tour Idiomas","breadcrumb":{"@id":"https:\/\/touridiomas.com\/site\/destinos\/#breadcrumb"},"inLanguage":"es","potentialAction":[{"@type":"ReadAction","target":["https:\/\/touridiomas.com\/site\/destinos\/"]}]},{"@type":"ImageObject","inLanguage":"es","@id":"https:\/\/touridiomas.com\/site\/destinos\/#primaryimage","url":"https:\/\/touridiomas.com\/site\/wp-content\/uploads\/2015\/05\/idiomas3.jpg","contentUrl":"https:\/\/touridiomas.com\/site\/wp-content\/uploads\/2015\/05\/idiomas3.jpg","width":765,"height":574,"caption":"Destinos con Tour Idiomas"},{"@type":"BreadcrumbList","@id":"https:\/\/touridiomas.com\/site\/destinos\/#breadcrumb","itemListElement":[{"@type":"ListItem","position":1,"name":"Home","item":"https:\/\/touridiomas.com\/site\/"},{"@type":"ListItem","position":2,"name":"Destinos"}]},{"@type":"WebSite","@id":"https:\/\/touridiomas.com\/site\/#website","url":"https:\/\/touridiomas.com\/site\/","name":"Tour Idiomas","description":"Estudios en el Exterior","publisher":{"@id":"https:\/\/touridiomas.com\/site\/#organization"},"potentialAction":[{"@type":"SearchAction","target":{"@type":"EntryPoint","urlTemplate":"https:\/\/touridiomas.com\/site\/?s={search_term_string}"},"query-input":{"@type":"PropertyValueSpecification","valueRequired":true,"valueName":"search_term_string"}}],"inLanguage":"es"},{"@type":"Organization","@id":"https:\/\/touridiomas.com\/site\/#organization","name":"Tour Idiomas","url":"https:\/\/touridiomas.com\/site\/","logo":{"@type":"ImageObject","inLanguage":"es","@id":"https:\/\/touridiomas.com\/site\/#\/schema\/logo\/image\/","url":"https:\/\/touridiomas.com\/site\/wp-content\/uploads\/logo-tour-idiomas.jpg","contentUrl":"https:\/\/touridiomas.com\/site\/wp-content\/uploads\/logo-tour-idiomas.jpg","width":400,"height":80,"caption":"Tour Idiomas"},"image":{"@id":"https:\/\/touridiomas.com\/site\/#\/schema\/logo\/image\/"},"sameAs":["https:\/\/www.facebook.com\/TourIdiomas","https:\/\/x.com\/TourIdiomas","https:\/\/www.instagram.com\/touridiomas\/","https:\/\/www.youtube.com\/user\/TourIdiomas"]}]}},"_links":{"self":[{"href":"https:\/\/touridiomas.com\/site\/wp-json\/wp\/v2\/pages\/8862","targetHints":{"allow":["GET"]}}],"collection":[{"href":"https:\/\/touridiomas.com\/site\/wp-json\/wp\/v2\/pages"}],"about":[{"href":"https:\/\/touridiomas.com\/site\/wp-json\/wp\/v2\/types\/page"}],"author":[{"embeddable":true,"href":"https:\/\/touridiomas.com\/site\/wp-json\/wp\/v2\/users\/2"}],"replies":[{"embeddable":true,"href":"https:\/\/touridiomas.com\/site\/wp-json\/wp\/v2\/comments?post=8862"}],"version-history":[{"count":2,"href":"https:\/\/touridiomas.com\/site\/wp-json\/wp\/v2\/pages\/8862\/revisions"}],"predecessor-version":[{"id":21778,"href":"https:\/\/touridiomas.com\/site\/wp-json\/wp\/v2\/pages\/8862\/revisions\/21778"}],"wp:featuredmedia":[{"embeddable":true,"href":"https:\/\/touridiomas.com\/site\/wp-json\/wp\/v2\/media\/8863"}],"wp:attachment":[{"href":"https:\/\/touridiomas.com\/site\/wp-json\/wp\/v2\/media?parent=8862"}],"curies":[{"name":"wp","href":"https:\/\/api.w.org\/{rel}","templated":true}]}}